{"id":64,"date":"2020-02-11T09:38:25","date_gmt":"2020-02-11T08:38:25","guid":{"rendered":"https:\/\/agrovyzkum.cz\/hraward\/?page_id=64"},"modified":"2025-09-22T09:24:15","modified_gmt":"2025-09-22T07:24:15","slug":"hrs4r-hr-award","status":"publish","type":"page","link":"https:\/\/agrovyzkum.cz\/hraward\/","title":{"rendered":"HRS4R\/HR Award"},"content":{"rendered":"<div id=\"pl-64\"  class=\"panel-layout\" ><div id=\"pg-64-0\"  class=\"panel-grid panel-no-style\" ><div id=\"pgc-64-0-0\"  class=\"panel-grid-cell\" ><div id=\"panel-64-0-0-0\" class=\"so-panel widget_sow-image panel-first-child panel-last-child\" data-index=\"0\" ><div\n\t\t\t\n\t\t\tclass=\"so-widget-sow-image so-widget-sow-image-default-8b5b6f678277-64\"\n\t\t\t\n\t\t>\n<div class=\"sow-image-container\">\n\t\t\t<a href=\"http:\/\/www.vuchs.cz\/soubory\/hraward\/Plakat_A3.pdf\"\n\t\t\ttarget=\"_blank\" rel=\"noopener noreferrer\" \t\t>\n\t\t\t<img loading=\"lazy\" decoding=\"async\" src=\"https:\/\/agrovyzkum.cz\/hraward\/wp-content\/uploads\/sites\/6\/2020\/02\/Plakat_A3.jpg\" width=\"707\" height=\"1000\" srcset=\"https:\/\/agrovyzkum.cz\/hraward\/wp-content\/uploads\/sites\/6\/2020\/02\/Plakat_A3.jpg 707w, https:\/\/agrovyzkum.cz\/hraward\/wp-content\/uploads\/sites\/6\/2020\/02\/Plakat_A3-212x300.jpg 212w\" sizes=\"auto, (max-width: 707px) 100vw, 707px\" alt=\"\" \t\tclass=\"so-widget-image\"\/>\n\t<\/a><\/div>\n\n<\/div><\/div><\/div><div id=\"pgc-64-0-1\"  class=\"panel-grid-cell\" ><div id=\"panel-64-0-1-0\" class=\"so-panel widget_sow-editor panel-first-child panel-last-child\" data-index=\"1\" ><div\n\t\t\t\n\t\t\tclass=\"so-widget-sow-editor so-widget-sow-editor-base\"\n\t\t\t\n\t\t>\n<div class=\"siteorigin-widget-tinymce textwidget\">\n\t<p>V\u00fdzkumn\u00e1 organizace Agrov\u00fdzkum Rapot\u00edn s.r.o. se dne 18. 12. 2019 p\u0159ihl\u00e1sila k princip\u016fm zakotven\u00fdm v\u00a0Evropsk\u00e9 chart\u011b pro v\u00fdzkumn\u00e9 pracovn\u00edky a Kodexu chov\u00e1n\u00ed pro p\u0159ij\u00edm\u00e1n\u00ed v\u00fdzkumn\u00fdch pracovn\u00edk\u016f. C\u00edlem spole\u010dnosti je od Evropsk\u00e9 komise z\u00edskat certifik\u00e1t HR AWARD, kter\u00fd je ud\u011blov\u00e1n v\u00fdzkumn\u00fdm instituc\u00edm, jen\u017e implementuj\u00ed strategii HRS4R (The Human Resources Strategy for Researchers). Ocen\u011bn\u00ed HR Excellence in Research Award je prost\u0159edkem ve\u0159ejn\u00e9ho uzn\u00e1n\u00ed pro v\u00fdzkumn\u00e9 instituce, kter\u00e9 se zavazuj\u00ed k\u00a0vytv\u00e1\u0159en\u00ed kvalitn\u00edch pracovn\u00edch podm\u00ednek, podpo\u0159e profesn\u00edho rozvoje a k\u00a0transparentn\u00edm postup\u016fm p\u0159i p\u0159ij\u00edm\u00e1n\u00ed v\u00fdzkumn\u00fdch pracovn\u00edk\u016f.<\/p>\n<p>4. 10. 2021 spole\u010dnost toto ocen\u011bn\u00ed z\u00edskala.<\/p>\n<hr \/>\n<h4>P\u0159\u00ednosy implementace HRS4R pro spole\u010dnost a v\u00fdzkumn\u00e9 pracovn\u00edky<\/h4>\n<ul>\n<li>zv\u00fd\u0161en\u00ed presti\u017ee a atraktivity spole\u010dnosti pro v\u00fdzkumn\u00e9 pracovn\u00edky;<\/li>\n<li>zv\u00fd\u0161en\u00ed kvality p\u00e9\u010de o lidsk\u00e9 zdroje;<\/li>\n<li>propojen\u00ed s celoevropskou s\u00edt\u00ed v\u00fdzkumn\u00fdch instituc\u00ed;<\/li>\n<li>mezin\u00e1rodn\u00ed atraktivita a viditelnost;<\/li>\n<li>z\u00edsk\u00e1n\u00ed finan\u010dn\u00edch prost\u0159edk\u016f na v\u00fdzkum z evropsk\u00fdch a tuzemsk\u00fdch program\u016f na podporu v\u00fdzkumu;<\/li>\n<li>vytvo\u0159en\u00ed podm\u00ednek pro p\u0159ita\u017eliv\u011bj\u0161\u00ed kari\u00e9ru v oblasti v\u00fdzkumu a v\u00fdvoje;<\/li>\n<li>zaru\u010den\u00ed transparentn\u00edho n\u00e1boru a v\u00fdb\u011bru nov\u00fdch v\u00fdzkumn\u00fdch pracovn\u00edk\u016f;<\/li>\n<li>ocen\u011bn\u00ed zku\u0161enost\u00ed z mobilit ve ve\u0159ejn\u00e9m i soukrom\u00e9m sektoru;<\/li>\n<li>rozvoj profesn\u00edho r\u016fstu v\u00fdzkumn\u00fdch pracovn\u00edk\u016f.<\/li>\n<\/ul>\n<hr \/>\n<h4>V\u00fdstupy projektu<\/h4>\n<ul>\n<li>Schvalovac\u00ed dopis<\/li>\n<li>Gap anal\u00fdza<\/li>\n<li>OTM-R checklist<\/li>\n<li>Ak\u010dn\u00ed pl\u00e1n<\/li>\n<\/ul>\n<hr \/>\n<h4>Harmonogram<\/h4>\n<p><strong>Inicia\u010dn\u00ed f\u00e1ze \u2013 rok 2020 <\/strong><\/p>\n<table  class=\" table table-hover\" >\n<tbody>\n<tr>\n<td style=\"vertical-align: middle;\" width=\"349\">Dotazn\u00edkov\u00e9 \u0161et\u0159en\u00ed<\/td>\n<td style=\"vertical-align: middle;\" width=\"349\">prob\u011bhlo v\u00a0\u00fanoru \u2013 dubnu 2020<\/td>\n<\/tr>\n<tr>\n<td style=\"vertical-align: middle;\" width=\"349\">GAP anal\u00fdza (<a href=\"http:\/\/www.agrovyzkum.cz\/soubory\/hraward\/Gap_analyza_overview.pdf\">Overview<\/a>, <a href=\"http:\/\/www.agrovyzkum.cz\/soubory\/hraward\/Gap_analyza_process.pdf\">Process<\/a>)<\/td>\n<td style=\"vertical-align: middle;\" width=\"349\">vyhotoveno v \u010dervnu 2020<\/td>\n<\/tr>\n<tr>\n<td style=\"vertical-align: middle;\" width=\"349\"><a href=\"http:\/\/www.agrovyzkum.cz\/soubory\/hraward\/OTM-R_checklist.pdf\">Kontroln\u00ed list OTM-R politiky<\/a><\/td>\n<td style=\"vertical-align: middle;\" width=\"349\">vyhotoveno v\u00a0\u010dervenci 2020<\/td>\n<\/tr>\n<tr>\n<td style=\"vertical-align: middle;\" width=\"349\"><a href=\"http:\/\/www.agrovyzkum.cz\/soubory\/hraward\/Action_plan.pdf\">Ak\u010dn\u00ed pl\u00e1n<\/a><\/td>\n<td style=\"vertical-align: middle;\" width=\"349\">vyhotoveno v\u00a0z\u00e1\u0159\u00ed 2020<\/td>\n<\/tr>\n<tr>\n<td style=\"vertical-align: middle;\" width=\"349\">Odesl\u00e1n\u00ed dokument\u016f Evropsk\u00e9 komisi<\/td>\n<td style=\"vertical-align: middle;\" width=\"349\">2. prosince 2020<\/td>\n<\/tr>\n<\/tbody>\n<\/table>\n<p><strong>Implementa\u010dn\u00ed f\u00e1ze - 2020-2023<\/strong><\/p>\n<table  class=\" table table-hover\" >\n<tbody>\n<tr>\n<td style=\"vertical-align: middle;\" width=\"349\">Implementace krok\u016f ak\u010dn\u00edho pl\u00e1nu<\/td>\n<td style=\"vertical-align: middle;\" width=\"349\">po z\u00edsk\u00e1n\u00ed HR Award<\/td>\n<\/tr>\n<tr>\n<td style=\"vertical-align: middle;\" width=\"349\">Vnit\u0159n\u00ed hodnocen\u00ed p\u016fvodn\u00ed GAP anal\u00fdzy a ak\u010dn\u00edho pl\u00e1nu<\/td>\n<td style=\"vertical-align: middle;\" width=\"349\">2 roky po z\u00edsk\u00e1n\u00ed ocen\u011bn\u00ed<\/td>\n<\/tr>\n<tr>\n<td style=\"vertical-align: middle;\"><a href=\"http:\/\/www.agrovyzkum.cz\/soubory\/hraward\/Sebeevaulacne_vyhodnoceny_a_revidovany_Akcni_plan_cz.pdf\">Revidovan\u00fd ak\u010dn\u00ed pl\u00e1n<\/a><\/td>\n<td style=\"vertical-align: middle;\"><\/td>\n<\/tr>\n<tr>\n<td style=\"vertical-align: middle;\"><a href=\"http:\/\/www.agrovyzkum.cz\/soubory\/hraward\/Zaverecna_zprava_z_dotazn\u00edkoveho_setreni_2023.pdf\">Z\u00e1v\u011bre\u010dn\u00e1 zpr\u00e1va z Dotazn\u00edkov\u00e9ho \u0161et\u0159en\u00ed 2023<\/a><\/td>\n<td style=\"vertical-align: middle;\"><\/td>\n<\/tr>\n<tr>\n<td style=\"vertical-align: middle;\" width=\"349\">Vn\u011bj\u0161\u00ed hodnocen\u00ed Evropskou komis\u00ed<\/td>\n<td style=\"vertical-align: middle;\" width=\"349\">3 roky po vnit\u0159n\u00edm hodnocen\u00ed<\/td>\n<\/tr>\n<\/tbody>\n<\/table>\n<hr \/>\n<h4>\u010clenov\u00e9 t\u00fdmu<\/h4>\n<p><strong>\u0158\u00edd\u00edc\u00ed v\u00fdbor<\/strong><\/p>\n<table  class=\" table table-hover\" style=\"width: 100%; border-collapse: collapse;\" border=\"0\">\n<tbody>\n<tr>\n<td style=\"width: 30%; vertical-align: middle;\">Bc. Ji\u0159\u00ed B\u00e1lek<\/td>\n<td style=\"width: 70%; vertical-align: middle;\">Jednatel spole\u010dnosti<\/td>\n<\/tr>\n<tr>\n<td style=\"width: 30%; vertical-align: middle;\">Ing. Sylva Such\u00e1<\/td>\n<td style=\"width: 70%; vertical-align: middle;\">Projektov\u00e1 mana\u017eerka (finan\u010dn\u00ed)<\/td>\n<\/tr>\n<tr>\n<td style=\"width: 30%; vertical-align: middle;\">Ren\u00e1ta Sl\u00e1dkov\u00e1<\/td>\n<td style=\"width: 70%; vertical-align: middle;\">Personalistka<\/td>\n<\/tr>\n<\/tbody>\n<\/table>\n<p><strong>\u010clenov\u00e9 pracovn\u00ed skupiny HR Award<\/strong><\/p>\n<table  class=\" table table-hover\" style=\"width: 100%; border-collapse: collapse;\" border=\"0\">\n<tbody>\n<tr>\n<td style=\"width: 30%; vertical-align: middle;\">Ren\u00e1ta Sl\u00e1dkov\u00e1<\/td>\n<td style=\"width: 70%; vertical-align: middle;\">Personalistka<\/td>\n<\/tr>\n<tr>\n<td style=\"width: 30%; vertical-align: middle;\">Bc. Mark\u00e9ta Fl\u00e1\u0161arov\u00e1<\/td>\n<td style=\"width: 70%; vertical-align: middle;\">Projektov\u00e1 mana\u017eerka<\/td>\n<\/tr>\n<tr>\n<td style=\"width: 30%; vertical-align: middle;\">Anna Nov\u00e1kov\u00e1<\/td>\n<td style=\"width: 70%; vertical-align: middle;\">Technick\u00fd pracovn\u00edk (R1) \u2013 produkce krmiv a agroekologie<\/td>\n<\/tr>\n<tr>\n<td style=\"width: 30%; vertical-align: middle;\">Mgr. Blanka Z\u00e1brodsk\u00e1, Ph.D.<\/td>\n<td style=\"width: 70%; vertical-align: middle;\">V\u00fdzkumn\u00fd a v\u00fdvojov\u00fd pracovn\u00edk (R2) \u2013 specialista na anal\u00fdzu ml\u00e9ka<\/td>\n<\/tr>\n<tr>\n<td style=\"width: 30%; vertical-align: middle;\">Ing. Jan Pozd\u00ed\u0161ek, CSc.<\/td>\n<td style=\"width: 70%; vertical-align: middle;\">V\u011bdeck\u00fd pracovn\u00edk \u2013 vedouc\u00ed t\u00fdmu v\u00fdzkumn\u00e9 skupiny (R4) \u2013 produkce krmiv a agroekologie<\/td>\n<\/tr>\n<\/tbody>\n<\/table>\n<hr \/>\n<h4>Dal\u0161\u00ed informace k HRS4R poskytne<\/h4>\n<p>Bc. Mark\u00e9ta Fl\u00e1\u0161arov\u00e1<br \/>\nMob.: 734 203 973<br \/>\nE-mail: <a href=\"&#x6d;&#97;&#x69;&#x6c;t&#x6f;&#58;f&#x6c;&#97;s&#x61;&#114;&#x6f;&#x76;a&#x40;&#97;g&#x72;&#111;v&#x79;&#122;&#x6b;&#x75;&#109;&#x2e;&#x63;z\">flasarova [at] agrovyzkum.cz<\/a><\/p>\n<hr \/>\n<p>O ocen\u011bn\u00ed bylo usilov\u00e1no v r\u00e1mci projektu OP VVV <strong>Rozvoj kapacit pro v\u00fdzkum a v\u00fdvoj ve spole\u010dnosti Agrov\u00fdzkum Rapot\u00edn s.r.o. CZ.02.2.69\/0.0\/0.0\/18_054\/0014647<\/strong>, jeho\u017e kl\u00ed\u010dovou aktivitou 1 je nastaven\u00ed strategick\u00e9ho \u0159\u00edzen\u00ed v\u00fdzkumn\u00e9 organizace v souladu s podm\u00ednkami pro z\u00edsk\u00e1n\u00ed ocen\u011bn\u00ed HR Award. Projekt je \u0159e\u0161en od 1. 1. 2020 do 31.12.2022.<\/p>\n<\/div>\n<\/div><\/div><\/div><\/div><\/div>","protected":false},"excerpt":{"rendered":"<p>V\u00fdzkumn\u00e1 organizace Agrov\u00fdzkum Rapot\u00edn s.r.o. se dne 18. 12. 2019 p\u0159ihl\u00e1sila k princip\u016fm zakotven\u00fdm v Evropsk\u00e9 chart\u011b pro v\u00fdzkumn\u00e9 pracovn\u00edky a Kodexu chov\u00e1n\u00ed pro p\u0159ij\u00edm\u00e1n\u00ed v\u00fdzkumn\u00fdch pracovn\u00edk\u016f. C\u00edlem spole\u010dnosti je od Evropsk\u00e9 komise z\u00edskat certifik\u00e1t HR AWARD.<\/p>\n","protected":false},"author":1,"featured_media":56,"parent":0,"menu_order":0,"comment_status":"closed","ping_status":"closed","template":"page-hraward.php","meta":{"inline_featured_image":false,"footnotes":""},"class_list":["post-64","page","type-page","status-publish","has-post-thumbnail","hentry"],"yoast_head":"<!-- This site is optimized with the Yoast SEO plugin v24.4 - https:\/\/yoast.com\/wordpress\/plugins\/seo\/ -->\n<title>HR Award | Agrov\u00fdzkum Rapot\u00edn s.r.o.<\/title>\n<meta name=\"robots\" content=\"index, follow, max-snippet:-1, max-image-preview:large, max-video-preview:-1\" \/>\n<link rel=\"canonical\" href=\"https:\/\/agrovyzkum.cz\/hraward\/\" \/>\n<meta property=\"og:locale\" content=\"cs_CZ\" \/>\n<meta property=\"og:type\" content=\"article\" \/>\n<meta property=\"og:title\" content=\"HR Award | Agrov\u00fdzkum Rapot\u00edn s.r.o.\" \/>\n<meta property=\"og:description\" content=\"V\u00fdzkumn\u00e1 organizace Agrov\u00fdzkum Rapot\u00edn s.r.o. se dne 18. 12. 2019 p\u0159ihl\u00e1sila k princip\u016fm zakotven\u00fdm v Evropsk\u00e9 chart\u011b pro v\u00fdzkumn\u00e9 pracovn\u00edky a Kodexu chov\u00e1n\u00ed pro p\u0159ij\u00edm\u00e1n\u00ed v\u00fdzkumn\u00fdch pracovn\u00edk\u016f. C\u00edlem spole\u010dnosti je od Evropsk\u00e9 komise z\u00edskat certifik\u00e1t HR AWARD.\" \/>\n<meta property=\"og:url\" content=\"https:\/\/agrovyzkum.cz\/hraward\/\" \/>\n<meta property=\"og:site_name\" content=\"HR Award\" \/>\n<meta property=\"article:modified_time\" content=\"2025-09-22T07:24:15+00:00\" \/>\n<meta property=\"og:image\" content=\"https:\/\/agrovyzkum.cz\/hraward\/wp-content\/uploads\/sites\/6\/2020\/02\/laboratory-2815640_slider.jpg\" \/>\n\t<meta property=\"og:image:width\" content=\"1920\" \/>\n\t<meta property=\"og:image:height\" content=\"550\" \/>\n\t<meta property=\"og:image:type\" content=\"image\/jpeg\" \/>\n<meta name=\"twitter:card\" content=\"summary_large_image\" \/>\n<meta name=\"twitter:label1\" content=\"Odhadovan\u00e1 doba \u010dten\u00ed\" \/>\n\t<meta name=\"twitter:data1\" content=\"3 minuty\" \/>\n<script type=\"application\/ld+json\" class=\"yoast-schema-graph\">{\"@context\":\"https:\/\/schema.org\",\"@graph\":[{\"@type\":\"WebPage\",\"@id\":\"https:\/\/agrovyzkum.cz\/hraward\/\",\"url\":\"https:\/\/agrovyzkum.cz\/hraward\/\",\"name\":\"HR Award | Agrov\u00fdzkum Rapot\u00edn s.r.o.\",\"isPartOf\":{\"@id\":\"https:\/\/agrovyzkum.cz\/hraward\/#website\"},\"primaryImageOfPage\":{\"@id\":\"https:\/\/agrovyzkum.cz\/hraward\/#primaryimage\"},\"image\":{\"@id\":\"https:\/\/agrovyzkum.cz\/hraward\/#primaryimage\"},\"thumbnailUrl\":\"https:\/\/agrovyzkum.cz\/hraward\/wp-content\/uploads\/sites\/6\/2020\/02\/laboratory-2815640_slider.jpg\",\"datePublished\":\"2020-02-11T08:38:25+00:00\",\"dateModified\":\"2025-09-22T07:24:15+00:00\",\"breadcrumb\":{\"@id\":\"https:\/\/agrovyzkum.cz\/hraward\/#breadcrumb\"},\"inLanguage\":\"cs\",\"potentialAction\":[{\"@type\":\"ReadAction\",\"target\":[\"https:\/\/agrovyzkum.cz\/hraward\/\"]}]},{\"@type\":\"ImageObject\",\"inLanguage\":\"cs\",\"@id\":\"https:\/\/agrovyzkum.cz\/hraward\/#primaryimage\",\"url\":\"https:\/\/agrovyzkum.cz\/hraward\/wp-content\/uploads\/sites\/6\/2020\/02\/laboratory-2815640_slider.jpg\",\"contentUrl\":\"https:\/\/agrovyzkum.cz\/hraward\/wp-content\/uploads\/sites\/6\/2020\/02\/laboratory-2815640_slider.jpg\",\"width\":1920,\"height\":550},{\"@type\":\"BreadcrumbList\",\"@id\":\"https:\/\/agrovyzkum.cz\/hraward\/#breadcrumb\",\"itemListElement\":[{\"@type\":\"ListItem\",\"position\":1,\"name\":\"HR Award\",\"item\":\"https:\/\/agrovyzkum.cz\/hraward\/en\/\"},{\"@type\":\"ListItem\",\"position\":2,\"name\":\"HRS4R\/HR Award\"}]},{\"@type\":\"WebSite\",\"@id\":\"https:\/\/agrovyzkum.cz\/hraward\/#website\",\"url\":\"https:\/\/agrovyzkum.cz\/hraward\/\",\"name\":\"HR Award\",\"description\":\"Rozvoj kapacit pro v\u00fdzkum a v\u00fdvoj ve spole\u010dnosti Agrov\u00fdzkum Rapot\u00edn\",\"publisher\":{\"@id\":\"https:\/\/agrovyzkum.cz\/hraward\/#organization\"},\"potentialAction\":[{\"@type\":\"SearchAction\",\"target\":{\"@type\":\"EntryPoint\",\"urlTemplate\":\"https:\/\/agrovyzkum.cz\/hraward\/?s={search_term_string}\"},\"query-input\":{\"@type\":\"PropertyValueSpecification\",\"valueRequired\":true,\"valueName\":\"search_term_string\"}}],\"inLanguage\":\"cs\"},{\"@type\":\"Organization\",\"@id\":\"https:\/\/agrovyzkum.cz\/hraward\/#organization\",\"name\":\"Agrov\u00fdzkum Rapot\u00edn s.r.o.\",\"url\":\"https:\/\/agrovyzkum.cz\/hraward\/\",\"logo\":{\"@type\":\"ImageObject\",\"inLanguage\":\"cs\",\"@id\":\"https:\/\/agrovyzkum.cz\/hraward\/#\/schema\/logo\/image\/\",\"url\":\"https:\/\/agrovyzkum.cz\/hraward\/wp-content\/uploads\/sites\/6\/2020\/03\/logo_agro.svg\",\"contentUrl\":\"https:\/\/agrovyzkum.cz\/hraward\/wp-content\/uploads\/sites\/6\/2020\/03\/logo_agro.svg\",\"width\":36,\"height\":22,\"caption\":\"Agrov\u00fdzkum Rapot\u00edn s.r.o.\"},\"image\":{\"@id\":\"https:\/\/agrovyzkum.cz\/hraward\/#\/schema\/logo\/image\/\"}}]}<\/script>\n<!-- \/ Yoast SEO plugin. -->","yoast_head_json":{"title":"HR Award | Agrov\u00fdzkum Rapot\u00edn s.r.o.","robots":{"index":"index","follow":"follow","max-snippet":"max-snippet:-1","max-image-preview":"max-image-preview:large","max-video-preview":"max-video-preview:-1"},"canonical":"https:\/\/agrovyzkum.cz\/hraward\/","og_locale":"cs_CZ","og_type":"article","og_title":"HR Award | Agrov\u00fdzkum Rapot\u00edn s.r.o.","og_description":"V\u00fdzkumn\u00e1 organizace Agrov\u00fdzkum Rapot\u00edn s.r.o. se dne 18. 12. 2019 p\u0159ihl\u00e1sila k princip\u016fm zakotven\u00fdm v Evropsk\u00e9 chart\u011b pro v\u00fdzkumn\u00e9 pracovn\u00edky a Kodexu chov\u00e1n\u00ed pro p\u0159ij\u00edm\u00e1n\u00ed v\u00fdzkumn\u00fdch pracovn\u00edk\u016f. C\u00edlem spole\u010dnosti je od Evropsk\u00e9 komise z\u00edskat certifik\u00e1t HR AWARD.","og_url":"https:\/\/agrovyzkum.cz\/hraward\/","og_site_name":"HR Award","article_modified_time":"2025-09-22T07:24:15+00:00","og_image":[{"width":1920,"height":550,"url":"https:\/\/agrovyzkum.cz\/hraward\/wp-content\/uploads\/sites\/6\/2020\/02\/laboratory-2815640_slider.jpg","type":"image\/jpeg"}],"twitter_card":"summary_large_image","twitter_misc":{"Odhadovan\u00e1 doba \u010dten\u00ed":"3 minuty"},"schema":{"@context":"https:\/\/schema.org","@graph":[{"@type":"WebPage","@id":"https:\/\/agrovyzkum.cz\/hraward\/","url":"https:\/\/agrovyzkum.cz\/hraward\/","name":"HR Award | Agrov\u00fdzkum Rapot\u00edn s.r.o.","isPartOf":{"@id":"https:\/\/agrovyzkum.cz\/hraward\/#website"},"primaryImageOfPage":{"@id":"https:\/\/agrovyzkum.cz\/hraward\/#primaryimage"},"image":{"@id":"https:\/\/agrovyzkum.cz\/hraward\/#primaryimage"},"thumbnailUrl":"https:\/\/agrovyzkum.cz\/hraward\/wp-content\/uploads\/sites\/6\/2020\/02\/laboratory-2815640_slider.jpg","datePublished":"2020-02-11T08:38:25+00:00","dateModified":"2025-09-22T07:24:15+00:00","breadcrumb":{"@id":"https:\/\/agrovyzkum.cz\/hraward\/#breadcrumb"},"inLanguage":"cs","potentialAction":[{"@type":"ReadAction","target":["https:\/\/agrovyzkum.cz\/hraward\/"]}]},{"@type":"ImageObject","inLanguage":"cs","@id":"https:\/\/agrovyzkum.cz\/hraward\/#primaryimage","url":"https:\/\/agrovyzkum.cz\/hraward\/wp-content\/uploads\/sites\/6\/2020\/02\/laboratory-2815640_slider.jpg","contentUrl":"https:\/\/agrovyzkum.cz\/hraward\/wp-content\/uploads\/sites\/6\/2020\/02\/laboratory-2815640_slider.jpg","width":1920,"height":550},{"@type":"BreadcrumbList","@id":"https:\/\/agrovyzkum.cz\/hraward\/#breadcrumb","itemListElement":[{"@type":"ListItem","position":1,"name":"HR Award","item":"https:\/\/agrovyzkum.cz\/hraward\/en\/"},{"@type":"ListItem","position":2,"name":"HRS4R\/HR Award"}]},{"@type":"WebSite","@id":"https:\/\/agrovyzkum.cz\/hraward\/#website","url":"https:\/\/agrovyzkum.cz\/hraward\/","name":"HR Award","description":"Rozvoj kapacit pro v\u00fdzkum a v\u00fdvoj ve spole\u010dnosti Agrov\u00fdzkum Rapot\u00edn","publisher":{"@id":"https:\/\/agrovyzkum.cz\/hraward\/#organization"},"potentialAction":[{"@type":"SearchAction","target":{"@type":"EntryPoint","urlTemplate":"https:\/\/agrovyzkum.cz\/hraward\/?s={search_term_string}"},"query-input":{"@type":"PropertyValueSpecification","valueRequired":true,"valueName":"search_term_string"}}],"inLanguage":"cs"},{"@type":"Organization","@id":"https:\/\/agrovyzkum.cz\/hraward\/#organization","name":"Agrov\u00fdzkum Rapot\u00edn s.r.o.","url":"https:\/\/agrovyzkum.cz\/hraward\/","logo":{"@type":"ImageObject","inLanguage":"cs","@id":"https:\/\/agrovyzkum.cz\/hraward\/#\/schema\/logo\/image\/","url":"https:\/\/agrovyzkum.cz\/hraward\/wp-content\/uploads\/sites\/6\/2020\/03\/logo_agro.svg","contentUrl":"https:\/\/agrovyzkum.cz\/hraward\/wp-content\/uploads\/sites\/6\/2020\/03\/logo_agro.svg","width":36,"height":22,"caption":"Agrov\u00fdzkum Rapot\u00edn s.r.o."},"image":{"@id":"https:\/\/agrovyzkum.cz\/hraward\/#\/schema\/logo\/image\/"}}]}},"_links":{"self":[{"href":"https:\/\/agrovyzkum.cz\/hraward\/wp-json\/wp\/v2\/pages\/64","targetHints":{"allow":["GET"]}}],"collection":[{"href":"https:\/\/agrovyzkum.cz\/hraward\/wp-json\/wp\/v2\/pages"}],"about":[{"href":"https:\/\/agrovyzkum.cz\/hraward\/wp-json\/wp\/v2\/types\/page"}],"author":[{"embeddable":true,"href":"https:\/\/agrovyzkum.cz\/hraward\/wp-json\/wp\/v2\/users\/1"}],"replies":[{"embeddable":true,"href":"https:\/\/agrovyzkum.cz\/hraward\/wp-json\/wp\/v2\/comments?post=64"}],"version-history":[{"count":3,"href":"https:\/\/agrovyzkum.cz\/hraward\/wp-json\/wp\/v2\/pages\/64\/revisions"}],"predecessor-version":[{"id":418,"href":"https:\/\/agrovyzkum.cz\/hraward\/wp-json\/wp\/v2\/pages\/64\/revisions\/418"}],"wp:featuredmedia":[{"embeddable":true,"href":"https:\/\/agrovyzkum.cz\/hraward\/wp-json\/wp\/v2\/media\/56"}],"wp:attachment":[{"href":"https:\/\/agrovyzkum.cz\/hraward\/wp-json\/wp\/v2\/media?parent=64"}],"curies":[{"name":"wp","href":"https:\/\/api.w.org\/{rel}","templated":true}]}}