{"id":97,"date":"2019-08-21T09:16:16","date_gmt":"2019-08-21T07:16:16","guid":{"rendered":"https:\/\/agrovyzkum.cz\/bulletin\/?page_id=97"},"modified":"2025-06-03T06:47:47","modified_gmt":"2025-06-03T04:47:47","slug":"editorial-board","status":"publish","type":"page","link":"https:\/\/agrovyzkum.cz\/bulletin\/en\/editorial-board\/","title":{"rendered":"Editorial Board"},"content":{"rendered":"<div id=\"pl-97\"  class=\"panel-layout\" ><div id=\"pg-97-0\"  class=\"panel-grid panel-no-style\" ><div id=\"pgc-97-0-0\"  class=\"panel-grid-cell\" ><div id=\"panel-97-0-0-0\" class=\"so-panel widget_sow-editor panel-first-child panel-last-child\" data-index=\"0\" ><div\n\t\t\t\n\t\t\tclass=\"so-widget-sow-editor so-widget-sow-editor-base\"\n\t\t\t\n\t\t>\n<div class=\"siteorigin-widget-tinymce textwidget\">\n\t<h4>Chairman of the Editorial Board<\/h4>\n<ul>\n<li>Ing. Prokop Smirous, Ph.D. \/ Agrovyzkum Rapotin Ltd., Czech Republic<\/li>\n<\/ul>\n<h4 style=\"text-align: left;\" align=\"center\">Editor-in-chief<\/h4>\n<ul>\n<li style=\"text-align: left;\">doc. Ing. Jiri Bezdicek, Ph.D. \/ Palacky University Olomouc, Czech Republic<\/li>\n<\/ul>\n<h4 style=\"text-align: left;\" align=\"center\">Executive editor<\/h4>\n<ul>\n<li style=\"text-align: left;\">Ing. Marian Koza \/ Agrovyzkum Rapotin Ltd., Czech Republic<\/li>\n<\/ul>\n<h4 style=\"text-align: left;\">Internal members<\/h4>\n<ul id=\"bez-odr-rr\" style=\"text-align: left;\">\n<li>Ing. Oldrich Latal, Ph.D.<\/li>\n<li>Ing. Jan Pozdisek, CSc.<\/li>\n<li>MVDr. Hana Prochazkova<\/li>\n<li>Mgr. Blanka Zabrodska, Ph.D.<\/li>\n<\/ul>\n<ul id=\"bez-odr-rr\"><\/ul>\n<h4 style=\"text-align: left;\">External members<\/h4>\n<ul id=\"bez-odr-rr\">\n<li style=\"text-align: left;\">doc. Ing. Jan Beran, Ph.D. \/ South Bohemia University, Ceske Budejovice, Czech Republic<\/li>\n<li>Ing. Marek Bjelka, Ph.D. \/ Breeding Cooperative Impuls, Bohdalec, Czech Republic<\/li>\n<li>doc. Ing. Radek Filipcik, Ph.D. \/ Mendel University in Brno, Czech Republic<\/li>\n<li>prof. Ing. Oto Hanus, Ph.D. \/ Dairy Research Institute Ltd., Prague, Czech Republic<\/li>\n<li style=\"text-align: left;\">prof. Ing. Gustav Chladek, CSc. \/ Mendel University in Brno, Czech Republic<\/li>\n<li style=\"text-align: left;\">prof. RNDr. Ivana Marova, CSc. \/ Brno University of Technology, Czech Republic<\/li>\n<li>Mgr. Marie Mrazkova Ph.D. \/ Agritec Plant Research Ltd., Sumperk, Czech Republic<\/li>\n<li style=\"text-align: left;\">doc. MVDr. Alena Pechova, CSc. \/ University of Veterinary and Pharmaceutical Sciences Brno, Czech Republic<\/li>\n<li style=\"text-align: left;\">RNDr. Ivana Polisenska, Ph.D. \/ Agricultural Research Institute Kromeriz, Ltd., Czech Republic<\/li>\n<li style=\"text-align: left;\">Mgr. Ing. Antonin Ponizil, CSc. \/ AGRITEC, vyzkum, slechteni a sluzby, Ltd., Sumperk, Czech Republic<\/li>\n<li style=\"text-align: left;\">prof. Ing. Jiri Skladanka, Ph.D. \/ Mendel University in Brno, Czech Republic<\/li>\n<li style=\"text-align: left;\">doc. Ing. Ludek Stadnik, Ph.D. \/ Czech University of Life Sciences, Prague, Czech Republic<\/li>\n<\/ul>\n<\/div>\n<\/div><\/div><\/div><\/div><\/div>","protected":false},"excerpt":{"rendered":"<p>Chairman of the Editorial Board Ing. Prokop Smirous, Ph.D. \/ Agrovyzkum Rapotin Ltd., Czech Republic Editor-in-chief doc. Ing. Jiri Bezdicek, Ph.D. \/ Palacky University Olomouc, Czech Republic Executive editor Ing. Marian Koza \/ Agrovyzkum Rapotin Ltd., Czech Republic Internal members Ing. Oldrich Latal, Ph.D. Ing. Jan Pozdisek, CSc. MVDr. Hana Prochazkova Mgr. Blanka Zabrodska, Ph.D. External members doc. Ing. Jan [&hellip;]<\/p>\n","protected":false},"author":1,"featured_media":390,"parent":0,"menu_order":0,"comment_status":"closed","ping_status":"closed","template":"","meta":{"inline_featured_image":false,"footnotes":""},"class_list":["post-97","page","type-page","status-publish","has-post-thumbnail","hentry"],"yoast_head":"<!-- This site is optimized with the Yoast SEO plugin v24.4 - https:\/\/yoast.com\/wordpress\/plugins\/seo\/ -->\n<title>Editorial Board | V\u00fdzkum v chovu skotu<\/title>\n<meta name=\"robots\" content=\"index, follow, max-snippet:-1, max-image-preview:large, max-video-preview:-1\" \/>\n<link rel=\"canonical\" href=\"https:\/\/agrovyzkum.cz\/bulletin\/en\/editorial-board\/\" \/>\n<meta property=\"og:locale\" content=\"cs_CZ\" \/>\n<meta property=\"og:type\" content=\"article\" \/>\n<meta property=\"og:title\" content=\"Editorial Board | V\u00fdzkum v chovu skotu\" \/>\n<meta property=\"og:description\" content=\"Chairman of the Editorial Board Ing. Prokop Smirous, Ph.D. \/ Agrovyzkum Rapotin Ltd., Czech Republic Editor-in-chief doc. Ing. Jiri Bezdicek, Ph.D. \/ Palacky University Olomouc, Czech Republic Executive editor Ing. Marian Koza \/ Agrovyzkum Rapotin Ltd., Czech Republic Internal members Ing. Oldrich Latal, Ph.D. Ing. Jan Pozdisek, CSc. MVDr. Hana Prochazkova Mgr. Blanka Zabrodska, Ph.D. External members doc. Ing. Jan [&hellip;]\" \/>\n<meta property=\"og:url\" content=\"https:\/\/agrovyzkum.cz\/bulletin\/en\/editorial-board\/\" \/>\n<meta property=\"og:site_name\" content=\"V\u00fdzkum v chovu skotu\" \/>\n<meta property=\"article:modified_time\" content=\"2025-06-03T04:47:47+00:00\" \/>\n<meta property=\"og:image\" content=\"http:\/\/agrovyzkum.cz\/bulletin\/wp-content\/uploads\/sites\/5\/2019\/09\/macbook-336704_slider_v2.jpg\" \/>\n\t<meta property=\"og:image:width\" content=\"1920\" \/>\n\t<meta property=\"og:image:height\" content=\"550\" \/>\n\t<meta property=\"og:image:type\" content=\"image\/jpeg\" \/>\n<meta name=\"twitter:card\" content=\"summary_large_image\" \/>\n<meta name=\"twitter:label1\" content=\"Odhadovan\u00e1 doba \u010dten\u00ed\" \/>\n\t<meta name=\"twitter:data1\" content=\"2 minuty\" \/>\n<script type=\"application\/ld+json\" class=\"yoast-schema-graph\">{\"@context\":\"https:\/\/schema.org\",\"@graph\":[{\"@type\":\"WebPage\",\"@id\":\"https:\/\/agrovyzkum.cz\/bulletin\/en\/editorial-board\/\",\"url\":\"https:\/\/agrovyzkum.cz\/bulletin\/en\/editorial-board\/\",\"name\":\"Editorial Board | V\u00fdzkum v chovu skotu\",\"isPartOf\":{\"@id\":\"https:\/\/agrovyzkum.cz\/bulletin\/#website\"},\"primaryImageOfPage\":{\"@id\":\"https:\/\/agrovyzkum.cz\/bulletin\/en\/editorial-board\/#primaryimage\"},\"image\":{\"@id\":\"https:\/\/agrovyzkum.cz\/bulletin\/en\/editorial-board\/#primaryimage\"},\"thumbnailUrl\":\"https:\/\/agrovyzkum.cz\/bulletin\/wp-content\/uploads\/sites\/5\/2019\/09\/macbook-336704_slider_v2.jpg\",\"datePublished\":\"2019-08-21T07:16:16+00:00\",\"dateModified\":\"2025-06-03T04:47:47+00:00\",\"breadcrumb\":{\"@id\":\"https:\/\/agrovyzkum.cz\/bulletin\/en\/editorial-board\/#breadcrumb\"},\"inLanguage\":\"cs\",\"potentialAction\":[{\"@type\":\"ReadAction\",\"target\":[\"https:\/\/agrovyzkum.cz\/bulletin\/en\/editorial-board\/\"]}]},{\"@type\":\"ImageObject\",\"inLanguage\":\"cs\",\"@id\":\"https:\/\/agrovyzkum.cz\/bulletin\/en\/editorial-board\/#primaryimage\",\"url\":\"https:\/\/agrovyzkum.cz\/bulletin\/wp-content\/uploads\/sites\/5\/2019\/09\/macbook-336704_slider_v2.jpg\",\"contentUrl\":\"https:\/\/agrovyzkum.cz\/bulletin\/wp-content\/uploads\/sites\/5\/2019\/09\/macbook-336704_slider_v2.jpg\",\"width\":1920,\"height\":550},{\"@type\":\"BreadcrumbList\",\"@id\":\"https:\/\/agrovyzkum.cz\/bulletin\/en\/editorial-board\/#breadcrumb\",\"itemListElement\":[{\"@type\":\"ListItem\",\"position\":1,\"name\":\"V\u00fdzkum v chovu skotu\",\"item\":\"https:\/\/agrovyzkum.cz\/bulletin\/\"},{\"@type\":\"ListItem\",\"position\":2,\"name\":\"Editorial Board\"}]},{\"@type\":\"WebSite\",\"@id\":\"https:\/\/agrovyzkum.cz\/bulletin\/#website\",\"url\":\"https:\/\/agrovyzkum.cz\/bulletin\/\",\"name\":\"V\u00fdzkum v chovu skotu\",\"description\":\"\",\"publisher\":{\"@id\":\"https:\/\/agrovyzkum.cz\/bulletin\/#organization\"},\"potentialAction\":[{\"@type\":\"SearchAction\",\"target\":{\"@type\":\"EntryPoint\",\"urlTemplate\":\"https:\/\/agrovyzkum.cz\/bulletin\/?s={search_term_string}\"},\"query-input\":{\"@type\":\"PropertyValueSpecification\",\"valueRequired\":true,\"valueName\":\"search_term_string\"}}],\"inLanguage\":\"cs\"},{\"@type\":\"Organization\",\"@id\":\"https:\/\/agrovyzkum.cz\/bulletin\/#organization\",\"name\":\"Agrov\u00fdzkum Rapot\u00edn s.r.o.\",\"url\":\"https:\/\/agrovyzkum.cz\/bulletin\/\",\"logo\":{\"@type\":\"ImageObject\",\"inLanguage\":\"cs\",\"@id\":\"https:\/\/agrovyzkum.cz\/bulletin\/#\/schema\/logo\/image\/\",\"url\":\"https:\/\/agrovyzkum.cz\/bulletin\/wp-content\/uploads\/sites\/5\/2020\/03\/logo_agro.svg\",\"contentUrl\":\"https:\/\/agrovyzkum.cz\/bulletin\/wp-content\/uploads\/sites\/5\/2020\/03\/logo_agro.svg\",\"width\":36,\"height\":22,\"caption\":\"Agrov\u00fdzkum Rapot\u00edn s.r.o.\"},\"image\":{\"@id\":\"https:\/\/agrovyzkum.cz\/bulletin\/#\/schema\/logo\/image\/\"}}]}<\/script>\n<!-- \/ Yoast SEO plugin. -->","yoast_head_json":{"title":"Editorial Board | V\u00fdzkum v chovu skotu","robots":{"index":"index","follow":"follow","max-snippet":"max-snippet:-1","max-image-preview":"max-image-preview:large","max-video-preview":"max-video-preview:-1"},"canonical":"https:\/\/agrovyzkum.cz\/bulletin\/en\/editorial-board\/","og_locale":"cs_CZ","og_type":"article","og_title":"Editorial Board | V\u00fdzkum v chovu skotu","og_description":"Chairman of the Editorial Board Ing. Prokop Smirous, Ph.D. \/ Agrovyzkum Rapotin Ltd., Czech Republic Editor-in-chief doc. Ing. Jiri Bezdicek, Ph.D. \/ Palacky University Olomouc, Czech Republic Executive editor Ing. Marian Koza \/ Agrovyzkum Rapotin Ltd., Czech Republic Internal members Ing. Oldrich Latal, Ph.D. Ing. Jan Pozdisek, CSc. MVDr. Hana Prochazkova Mgr. Blanka Zabrodska, Ph.D. External members doc. Ing. Jan [&hellip;]","og_url":"https:\/\/agrovyzkum.cz\/bulletin\/en\/editorial-board\/","og_site_name":"V\u00fdzkum v chovu skotu","article_modified_time":"2025-06-03T04:47:47+00:00","og_image":[{"width":1920,"height":550,"url":"http:\/\/agrovyzkum.cz\/bulletin\/wp-content\/uploads\/sites\/5\/2019\/09\/macbook-336704_slider_v2.jpg","type":"image\/jpeg"}],"twitter_card":"summary_large_image","twitter_misc":{"Odhadovan\u00e1 doba \u010dten\u00ed":"2 minuty"},"schema":{"@context":"https:\/\/schema.org","@graph":[{"@type":"WebPage","@id":"https:\/\/agrovyzkum.cz\/bulletin\/en\/editorial-board\/","url":"https:\/\/agrovyzkum.cz\/bulletin\/en\/editorial-board\/","name":"Editorial Board | V\u00fdzkum v chovu skotu","isPartOf":{"@id":"https:\/\/agrovyzkum.cz\/bulletin\/#website"},"primaryImageOfPage":{"@id":"https:\/\/agrovyzkum.cz\/bulletin\/en\/editorial-board\/#primaryimage"},"image":{"@id":"https:\/\/agrovyzkum.cz\/bulletin\/en\/editorial-board\/#primaryimage"},"thumbnailUrl":"https:\/\/agrovyzkum.cz\/bulletin\/wp-content\/uploads\/sites\/5\/2019\/09\/macbook-336704_slider_v2.jpg","datePublished":"2019-08-21T07:16:16+00:00","dateModified":"2025-06-03T04:47:47+00:00","breadcrumb":{"@id":"https:\/\/agrovyzkum.cz\/bulletin\/en\/editorial-board\/#breadcrumb"},"inLanguage":"cs","potentialAction":[{"@type":"ReadAction","target":["https:\/\/agrovyzkum.cz\/bulletin\/en\/editorial-board\/"]}]},{"@type":"ImageObject","inLanguage":"cs","@id":"https:\/\/agrovyzkum.cz\/bulletin\/en\/editorial-board\/#primaryimage","url":"https:\/\/agrovyzkum.cz\/bulletin\/wp-content\/uploads\/sites\/5\/2019\/09\/macbook-336704_slider_v2.jpg","contentUrl":"https:\/\/agrovyzkum.cz\/bulletin\/wp-content\/uploads\/sites\/5\/2019\/09\/macbook-336704_slider_v2.jpg","width":1920,"height":550},{"@type":"BreadcrumbList","@id":"https:\/\/agrovyzkum.cz\/bulletin\/en\/editorial-board\/#breadcrumb","itemListElement":[{"@type":"ListItem","position":1,"name":"V\u00fdzkum v chovu skotu","item":"https:\/\/agrovyzkum.cz\/bulletin\/"},{"@type":"ListItem","position":2,"name":"Editorial Board"}]},{"@type":"WebSite","@id":"https:\/\/agrovyzkum.cz\/bulletin\/#website","url":"https:\/\/agrovyzkum.cz\/bulletin\/","name":"V\u00fdzkum v chovu skotu","description":"","publisher":{"@id":"https:\/\/agrovyzkum.cz\/bulletin\/#organization"},"potentialAction":[{"@type":"SearchAction","target":{"@type":"EntryPoint","urlTemplate":"https:\/\/agrovyzkum.cz\/bulletin\/?s={search_term_string}"},"query-input":{"@type":"PropertyValueSpecification","valueRequired":true,"valueName":"search_term_string"}}],"inLanguage":"cs"},{"@type":"Organization","@id":"https:\/\/agrovyzkum.cz\/bulletin\/#organization","name":"Agrov\u00fdzkum Rapot\u00edn s.r.o.","url":"https:\/\/agrovyzkum.cz\/bulletin\/","logo":{"@type":"ImageObject","inLanguage":"cs","@id":"https:\/\/agrovyzkum.cz\/bulletin\/#\/schema\/logo\/image\/","url":"https:\/\/agrovyzkum.cz\/bulletin\/wp-content\/uploads\/sites\/5\/2020\/03\/logo_agro.svg","contentUrl":"https:\/\/agrovyzkum.cz\/bulletin\/wp-content\/uploads\/sites\/5\/2020\/03\/logo_agro.svg","width":36,"height":22,"caption":"Agrov\u00fdzkum Rapot\u00edn s.r.o."},"image":{"@id":"https:\/\/agrovyzkum.cz\/bulletin\/#\/schema\/logo\/image\/"}}]}},"_links":{"self":[{"href":"https:\/\/agrovyzkum.cz\/bulletin\/wp-json\/wp\/v2\/pages\/97","targetHints":{"allow":["GET"]}}],"collection":[{"href":"https:\/\/agrovyzkum.cz\/bulletin\/wp-json\/wp\/v2\/pages"}],"about":[{"href":"https:\/\/agrovyzkum.cz\/bulletin\/wp-json\/wp\/v2\/types\/page"}],"author":[{"embeddable":true,"href":"https:\/\/agrovyzkum.cz\/bulletin\/wp-json\/wp\/v2\/users\/1"}],"replies":[{"embeddable":true,"href":"https:\/\/agrovyzkum.cz\/bulletin\/wp-json\/wp\/v2\/comments?post=97"}],"version-history":[{"count":5,"href":"https:\/\/agrovyzkum.cz\/bulletin\/wp-json\/wp\/v2\/pages\/97\/revisions"}],"predecessor-version":[{"id":2884,"href":"https:\/\/agrovyzkum.cz\/bulletin\/wp-json\/wp\/v2\/pages\/97\/revisions\/2884"}],"wp:featuredmedia":[{"embeddable":true,"href":"https:\/\/agrovyzkum.cz\/bulletin\/wp-json\/wp\/v2\/media\/390"}],"wp:attachment":[{"href":"https:\/\/agrovyzkum.cz\/bulletin\/wp-json\/wp\/v2\/media?parent=97"}],"curies":[{"name":"wp","href":"https:\/\/api.w.org\/{rel}","templated":true}]}}